 = 300*f - 4736. What is g(15)?
-236
Let k(v) = -v**3 - 70*v**2 - 414*v - 1243. Give k(-64).
677
Let s(b) = -1930*b - 38548. What is s(-20)?
52
Let o(g) = g**3 - 81*g**2 + 247*g - 2081. Determine o(78).
-1067
Let i(m) = 112*m + 12201. What is i(-107)?
217
Let v(f) = -f**3 + 12*f**2 - 349*f + 1890. Determine v(6).
12
Let j(x) = -7*x**3 - 453*x**2 - 96*x - 14702. What is j(-65)?
-12
Let v(x) = -8193*x - 8235. Determine v(-1).
-42
Let y(i) = -1841095*i + 16569845. Determine y(9).
-10
Let m(n) = -70*n**2 - 874*n - 2379. What is m(-4)?
-3
Let r(q) = 3*q**2 - 89*q - 897. Determine r(-8).
7
Let s(i) = 19*i**3 + 341*i**2 + 1506*i - 36. What is s(-10)?
4
Let b(s) = -143*s + 5394. Determine b(38).
-40
Let l(y) = -y**3 + 174*y**2 + 144*y + 5568. What is l(175)?
143
Let z(c) = c**3 + 45*c**2 - 921*c + 1325. What is z(14)?
-5
Let m(p) = p**3 - 59*p**2 - 1580*p - 22. Calculate m(79).
-22
Let n(p) = 21*p**3 + 2916*p**2 - 3316*p + 6166. What is n(-140)?
6
Let i(t) = t**3 + 2352*t**2 - 40247*t - 455. What is i(17)?
-13
Let c(g) = 14330*g + 630767. Calculate c(-44).
247
Let z(n) = n**3 + 4*n**2 - 4122*n - 20577. Give z(-5).
8
Let j(k) = -64505*k + 64534. Calculate j(1).
29
Let i(n) = 22*n**2 - 414*n - 518. Give i(20).
2
Let s(r) = r**3 + 42*r**2 - 457*r + 173. What is s(-51)?
71
Let p(c) = -c**3 + 115*c**2 + 1668*c - 435. Give p(128).
77
Let u(i) = i**3 - 9*i**2 - 26757*i + 160629. What is u(6)?
-21
Let h(j) = 11*j**3 - 319*j**2 - 138*j + 4016. Determine h(29).
14
Let g(v) = -542*v**2 - 7584*v - 42. Determine g(-14).
-98
Let h(x) = 163*x - 9793. What is h(61)?
150
Let v(z) = -1041*z**2 + 405*z + 797. Determine v(-2).
-4177
Let s(r) = -r**2 - 683*r + 7. Calculate s(0).
7
Let w(j) = -54*j**3 + 5*j**2 + 315*j + 609. What is w(-2)?
431
Let q(x) = 72*x + 2581. Determine q(-36).
-11
Let p(i) = -i**2 + 96*i + 61713. Calculate p(-205).
8
Let b(h) = 6*h**2 - 1317*h - 4041. What is b(-3)?
-36
Let n(t) = -32224*t - 10182779. Give n(-316).
5
Let h(z) = 10520*z - 105680. Calculate h(10).
-480
Let d(p) = 2*p**3 + 14*p**2 - 104*p + 61. Give d(4).
-3
Let j(s) = 770*s + 105439. What is j(-137)?
-51
Let o(w) = -1445*w + 66498. Give o(46).
28
Let u(n) = 4066*n - 8124. Give u(2).
8
Let q(j) = 2*j**2 - 2710*j + 333742. What is q(137)?
10
Let j(b) = 47276*b - 1323692. Give j(28).
36
Let j(i) = -2*i**3 + 232*i**2 - 21*i + 2411. What is j(116)?
-25
Let m(p) = p**2 - 551*p + 61990. Calculate m(391).
-570
Let v(n) = 9944*n - 70060. Give v(7).
-452
Let i(f) = -f**3 + 272*f**2 - 8898*f + 229. Determine i(38).
1
Let y(d) = 1179*d**3 + 2*d**2 - 95*d + 93. Determine y(1).
1179
Let d(m) = 80895*m + 80922. Determine d(-1).
27
Let w(o) = 4*o**2 - 1335*o - 5418. What is w(-4)?
-14
Let l(j) = -4*j**3 + 790*j**2 - 38434*j - 1739. Calculate l(87).
1
Let r(k) = 7*k**3 - 6*k**2 - 45*k - 298. What is r(-5)?
-1098
Let r(s) = -1922*s - 15378. What is r(-8)?
-2
Let n(t) = -12*t**2 - 685*t + 12108. Calculate n(18).
-4110
Let l(n) = n**2 - 40*n + 391. What is l(17)?
0
Let l(u) = -98*u**2 - 1236*u - 845. Calculate l(-12).
-125
Let d(a) = 5*a**3 - 891*a**2 + 169*a + 737. Calculate d(178).
-865
Let o(z) = -149*z**2 + 1585*z + 38. Calculate o(11).
-556
Let n(m) = -28*m**3 - 6215*m**2 + 144*m - 17353. What is n(-222)?
-37
Let u(j) = 42744*j + 1025825. Give u(-24).
-31
Let i(z) = -z**3 + 36*z**2 + 3383*z - 568. Give i(-43).
34
Let k(b) = -b**2 - 305*b - 24445. Calculate k(-173).
-1609
Let x(i) = -2*i**2 - 3384*i - 1068470. Determine x(-420).
10
Let n(f) = 3602*f + 50925. Give n(-14).
497
Let u(g) = -2811*g - 12597. Give u(-4).
-1353
Let u(o) = o**2 + 1129*o + 118298. Calculate u(-117).
-106
Let f(k) = -38*k**2 + 126*k + 17206. Give f(23).
2
Let y(b) = 17577*b + 1494093. Give y(-85).
48
Let v(d) = 10758*d - 1602992. Give v(149).
-50
Let q(y) = y**3 - y**2 + 82*y + 230. Give q(-3).
-52
Let p(y) = -y**3 - 50*y**2 + 99*y - 170. What is p(-52)?
90
Let n(d) = -32*d**3 + 99*d**2 - d - 84. Give n(4).
-552
Let g(k) = -84*k**2 + 132*k - 27. Give g(0).
-27
Let n(s) = -s**2 - 16*s + 697. Determine n(16).
185
Let m(f) = f**3 - 148*f**2 + f - 677. What is m(148)?
-529
Let u(t) = -22*t - 2663. Determine u(-111).
-221
Let c(u) = -162*u - 15972. Determine c(-98).
-96
Let v(t) = 18*t**2 + 492*t - 2704. What is v(-32)?
-16
Let x(b) = -2199*b - 20010. What is x(-9)?
-219
Let g(t) = -43*t**3 + 18*t**2 - 235*t - 692. Calculate g(-3).
1336
Let p(c) = 12244*c + 3624287. Determine p(-296).
63
Let t(h) = h**3 - 73*h**2 + 856*h - 26007. Give t(66).
-3
Let n(c) = -2*c**3 + 209*c**2 - 47*c - 5967. Give n(104).
-39
Let l(k) = -407*k - 63170. What is l(-156)?
322
Let c(t) = 20308*t + 101499. Calculate c(-5).
-41
Let j(x) = 48685*x - 48709. Give j(1).
-24
Let q(m) = m**3 + 18*m**2 - 171*m - 2151. What is q(-22)?
-325
Let s(f) = -12*f**2 + 182*f - 411. Calculate s(3).
27
Let g(t) = -2500*t + 25009. Calculate g(10).
9
Let q(v) = 636*v**2 + 104301*v - 543. Determine q(-164).
-51
Let h(c) = -11*c**3 + 4*c**2 - 183*c + 877. Calculate h(5).
-1313
Let h(t) = 3*t**3 + 1614*t**2 - 6515*t + 32. Determine h(4).
-12
Let b(o) = o**3 - 40*o**2 + 39*o - 294. Calculate b(40).
1266
Let n(f) = f**3 + 1122*f**2 + 6803*f + 643. Determine n(-6).
1
Let o(s) = 429*s**3 + 63*s**2 - 61*s - 1. Give o(1).
430
Let w(n) = 5*n**2 - 352*n + 148. Calculate w(66).
-1304
Let d(z) = -7*z**3 + z**2 - 3642*z - 3643. Give d(-1).
7
Let t(f) = -464*f + 73804. Determine t(159).
28
Let s(n) = -n**2 - 28945*n - 867442. Calculate s(-30).
8
Let g(x) = 2*x**3 - 602*x**2 - x + 577. Calculate g(301).
276
Let x(w) = -6*w**3 - 88*w**2 - 193*w + 43. Give x(-3).
-8
Let g(y) = -y**2 - 21*y + 30182. What is g(165)?
-508
Let j(x) = x**3 - 90*x**2 + 917*x - 44. Determine j(78).
-1526
Let p(q) = 5561*q + 5672. What is p(-1)?
111
Let y(t) = -t**3 - 74*t**2 + 1128*t - 253. What is y(-87)?
8
Let z(g) = -g**3 - 7*g**2 - 23*g + 51. Calculate z(-8).
299
Let h(w) = -89*w - 2195. What is h(-26)?
119
Let b(g) = 115219*g + 806613. Give b(-7).
80
Let s(z) = 4354*z - 16006. Calculate s(4).
1410
Let q(j) = j**3 - 244*j**2 + 4857*j + 6058. Give q(222).
64
Let f(q) = -12*q**2 + 3485*q - 6966. Determine f(2).
-44
Let t(q) = -q**2 - 12718*q + 76350. Determine t(6).
6
Let g(b) = 3*b**3 - 235*b**2 + 966*b - 306. Calculate g(74).
-10
Let h(g) = -3*g**3 + 101*g**2 + 7220*g + 332. Give h(-35).
-18
Let c(o) = 3317*o**2 + 829244*o - 1501. Calculate c(-250).
-1
Let t(g) = g**2 + 227*g + 7424. Give t(-37).
394
Let n(y) = -138245*y + 4147350. What is n(30)?
0
Let k(h) = 23*h**3 - 347*h**2 - 8*h - 4. What is k(15)?
-574
Let z(b) = 3*b**3 - 52*b**2 - 26*b + 56. Determine z(18).
236
Let m(c) = -c**3 - 186*c**2 + 126*c + 23246. What is m(-186)?
-190
Let g(u) = -u**3 + 78*u**2 - 438*u - 4274. Give g(12).
-26
Let k(h) = -h**2 + 298*h - 13108. Calculate k(53).
-123
Let k(t) = t**2 - 218*t + 10217. Give k(58).
937
Let j(i) = -9214*i + 9216. Calculate j(1).
2
Let k(a) = -80*a**3 - 5678*a**2 + 143*a + 121. Determine k(-71).
50
Let k(l) = 27*l**2 + 383*l + 2317. What is k(-14)?
2247
Let l(k) = -2*k**3 + 155*k**2 + 37*k + 114. Determine l(78).
-3084
Let p(m) = -208*m**2 + 965*m. Determine p(7).
-3437
Let i(v) = 174025*v - 1044162. Calculate i(6).
-12
Let x(k) = 1070*k + 134828. Calculate x(-126).
8
Let q(w) = -w**3 + 265*w**2 + 7018*w - 460653. Give q(284).
-5
Let g(j) = 4*j**2 + 26858*j - 188143. Give g(7).
59
Let p(o) = -4671*o - 4440. Determine p(-1).
231
Let q(x) = -2*x**2 + 124*x - 604. Determine q(5).
-34
Let m(i) = -6*i**2 + 3704*i - 65833. What is m(599)?
57
Let k(g) = -8*g**2 - 119*g + 2456. Calculate k(-24).
704
Let x(q) = -1931*q + 1031155. Calculate x(534).
1
Let a(z) = z**3 + 666*z**2 + 13015*z + 61329. What is a(-646)?
-41
Let u(a) = a**3 + 546*a**2 + 18307*a - 1915. What is u(-36)?
-7
Let u(y) = -3*y**2 + 2676*y - 10670. Give u(4).
-14
Let j(v) = 2*v**2 + 313*v - 4066. What is j(12)?
-22
Let k(m) = 2*m**3 + 28*m**2 + 1662*m + 19488. What is k(-12)?
120
Let q(w) = -186*w - 835. Calculate q(-9).
839
Let m(c) = -c**3 + 54*c**2 - 339*c + 37. Give m(7).
-33
Let h(v) = -v**3 - 232*v**2 + 1327*v + 90365. Calculate h(-236).
-23
Let b(a) = a**2 - 21*a - 7927. Calculate b(99).
-205
Let a(s) = -59835*s + 2034377. What is a(34)?
-13
Let k(w) = -w**3 - 64*w**2 + 188*w + 3929. Calculate k(-66).
233
Let d(b) = -3*b**2 - 156*b - 604.